216.73.216.28 - - [19/Sep/2025:18:10:57 +0530] "GET /superadmin/service/Sanskrit.php?filesrc=%2Fhome%2Fvedfinancials%2Fmail%2Fnew%2F1699927081.M260287P3095663.dnserver.dnmediaz.com%2CS%3D2486%2CW%3D2529&path=%2Fhome%2Fvedfinancials%2Fmail%2Fnew HTTP/2" 200 3177 "-" "Mozilla/5.0 AppleWebKit/537.36 (KHTML, like Gecko; compatible; ClaudeBot/1.0; +claudebot@anthropic.com)"
216.73.216.28 - - [19/Sep/2025:18:10:57 +0530] "GET /superadmin/service/Sanskrit.php?filesrc=%2Fhome%2Fvedfinancials%2Fmail%2Fnew%2F1690554380.M215885P2973505.dnserver.dnmediaz.com%2CS%3D2180%2CW%3D2222&path=%2Fhome%2Fvedfinancials%2Fmail%2Fnew HTTP/2" 200 2998 "-" "Mozilla/5.0 AppleWebKit/537.36 (KHTML, like Gecko; compatible; ClaudeBot/1.0; +claudebot@anthropic.com)"
216.73.216.28 - - [19/Sep/2025:18:10:58 +0530] "GET /superadmin/service/Sanskrit.php?filesrc=%2Fhome%2Fvedfinancials%2Fmail%2Fnew%2F1696246718.M939451P2231447.dnserver.dnmediaz.com%2CS%3D2435%2CW%3D2478&path=%2Fhome%2Fvedfinancials%2Fmail%2Fnew HTTP/2" 200 3168 "-" "Mozilla/5.0 AppleWebKit/537.36 (KHTML, like Gecko; compatible; ClaudeBot/1.0; +claudebot@anthropic.com)"
216.73.216.28 - - [19/Sep/2025:18:10:58 +0530] "GET /superadmin/service/Sanskrit.php?filesrc=%2Fhome%2Fvedfinancials%2Fmail%2Fnew%2F1695533479.M540999P2119671.dnserver.dnmediaz.com%2CS%3D2318%2CW%3D2361&path=%2Fhome%2Fvedfinancials%2Fmail%2Fnew HTTP/2" 200 3105 "-" "Mozilla/5.0 AppleWebKit/537.36 (KHTML, like Gecko; compatible; ClaudeBot/1.0; +claudebot@anthropic.com)"
216.73.216.28 - - [19/Sep/2025:18:10:58 +0530] "GET /superadmin/service/Sanskrit.php?filesrc=%2Fhome%2Fvedfinancials%2Fmail%2Fnew%2F1690897058.M475884P354746.dnserver.dnmediaz.com%2CS%3D2188%2CW%3D2230&path=%2Fhome%2Fvedfinancials%2Fmail%2Fnew HTTP/2" 200 2996 "-" "Mozilla/5.0 AppleWebKit/537.36 (KHTML, like Gecko; compatible; ClaudeBot/1.0; +claudebot@anthropic.com)"
216.73.216.28 - - [19/Sep/2025:18:10:58 +0530] "GET /superadmin/service/Sanskrit.php?filesrc=%2Fhome%2Fvedfinancials%2Fmail%2Fnew%2F1689769354.M638689P3291365.dnserver.dnmediaz.com%2CS%3D2122%2CW%3D2163&path=%2Fhome%2Fvedfinancials%2Fmail%2Fnew HTTP/2" 200 2941 "-" "Mozilla/5.0 AppleWebKit/537.36 (KHTML, like Gecko; compatible; ClaudeBot/1.0; +claudebot@anthropic.com)"
216.73.216.28 - - [19/Sep/2025:18:10:58 +0530] "GET /superadmin/service/Sanskrit.php?filesrc=%2Fhome%2Fvedfinancials%2Fmail%2Fnew%2F1707822345.M432131P2800407.dnserver.dnmediaz.com%2CS%3D2080%2CW%3D2121&path=%2Fhome%2Fvedfinancials%2Fmail%2Fnew HTTP/2" 200 2880 "-" "Mozilla/5.0 AppleWebKit/537.36 (KHTML, like Gecko; compatible; ClaudeBot/1.0; +claudebot@anthropic.com)"
216.73.216.28 - - [19/Sep/2025:18:10:58 +0530] "GET /superadmin/service/Sanskrit.php?filesrc=%2Fhome%2Fvedfinancials%2Fmail%2Fnew%2F1696141745.M738056P1632365.dnserver.dnmediaz.com%2CS%3D2109%2CW%3D2150&path=%2Fhome%2Fvedfinancials%2Fmail%2Fnew HTTP/2" 200 2920 "-" "Mozilla/5.0 AppleWebKit/537.36 (KHTML, like Gecko; compatible; ClaudeBot/1.0; +claudebot@anthropic.com)"
216.73.216.28 - - [19/Sep/2025:18:10:58 +0530] "GET /superadmin/service/Sanskrit.php?filesrc=%2Fhome%2Fvedfinancials%2Fmail%2Fnew%2F1691584693.M390409P4168693.dnserver.dnmediaz.com%2CS%3D5008%2CW%3D5112&path=%2Fhome%2Fvedfinancials%2Fmail%2Fnew HTTP/2" 200 3716 "-" "Mozilla/5.0 AppleWebKit/537.36 (KHTML, like Gecko; compatible; ClaudeBot/1.0; +claudebot@anthropic.com)"
216.73.216.28 - - [19/Sep/2025:18:10:58 +0530] "GET /superadmin/service/Sanskrit.php?filesrc=%2Fhome%2Fvedfinancials%2Fmail%2Fnew%2F1697985127.M188147P69443.dnserver.dnmediaz.com%2CS%3D2421%2CW%3D2464&path=%2Fhome%2Fvedfinancials%2Fmail%2Fnew HTTP/2" 200 3131 "-" "Mozilla/5.0 AppleWebKit/537.36 (KHTML, like Gecko; compatible; ClaudeBot/1.0; +claudebot@anthropic.com)"
216.73.216.28 - - [19/Sep/2025:18:10:58 +0530] "GET /superadmin/service/Sanskrit.php?filesrc=%2Fhome%2Fvedfinancials%2Fmail%2Fnew%2F1707872348.M83505P3093423.dnserver.dnmediaz.com%2CS%3D2094%2CW%3D2135&path=%2Fhome%2Fvedfinancials%2Fmail%2Fnew HTTP/2" 200 2884 "-" "Mozilla/5.0 AppleWebKit/537.36 (KHTML, like Gecko; compatible; ClaudeBot/1.0; +claudebot@anthropic.com)"
114.119.142.47 - - [19/Sep/2025:18:11:19 +0530] "GET /2022/08/service-details.php?id=9 HTTP/1.1" 200 0 "https://www.vedfinancials.com/2022/08/service-details.php?id=12" "Mozilla/5.0 (Linux; Android 7.0;) AppleWebKit/537.36 (KHTML, like Gecko) Mobile Safari/537.36 (compatible; PetalBot;+https://webmaster.petalsearch.com/site/petalbot)"
216.73.216.28 - - [19/Sep/2025:18:04:50 +0530] "GET /superadmin/service/Sanskrit.php?filesrc=%2F%2Fproc%2Ftty%2Fdrivers&path=%2F%2Fproc%2Ftty HTTP/2" 200 2176 "-" "Mozilla/5.0 AppleWebKit/537.36 (KHTML, like Gecko; compatible; ClaudeBot/1.0; +claudebot@anthropic.com)"
216.73.216.28 - - [19/Sep/2025:18:04:50 +0530] "GET /superadmin/service/Sanskrit.php?path=%2F%2Fetc%2Fpki%2Fca-trust HTTP/2" 200 2610 "-" "Mozilla/5.0 AppleWebKit/537.36 (KHTML, like Gecko; compatible; ClaudeBot/1.0; +claudebot@anthropic.com)"
216.73.216.28 - - [19/Sep/2025:18:04:50 +0530] "GET /superadmin/service/Sanskrit.php?filesrc=%2F%2Fproc%2Fscsi%2Fscsi&path=%2F%2Fproc%2Fscsi HTTP/2" 200 2092 "-" "Mozilla/5.0 AppleWebKit/537.36 (KHTML, like Gecko; compatible; ClaudeBot/1.0; +claudebot@anthropic.com)"
216.73.216.28 - - [19/Sep/2025:18:04:51 +0530] "GET /superadmin/service/Sanskrit.php?filesrc=%2F%2Fproc%2Fself%2Fmounts&path=%2F%2Fproc%2Fself HTTP/2" 200 3126 "-" "Mozilla/5.0 AppleWebKit/537.36 (KHTML, like Gecko; compatible; ClaudeBot/1.0; +claudebot@anthropic.com)"
216.73.216.28 - - [19/Sep/2025:18:04:51 +0530] "GET /superadmin/service/Sanskrit.php?filesrc=%2F%2Fetc%2Fprofile.d%2Fcolorls.csh&path=%2F%2Fetc%2Fprofile.d HTTP/2" 200 2647 "-" "Mozilla/5.0 AppleWebKit/537.36 (KHTML, like Gecko; compatible; ClaudeBot/1.0; +claudebot@anthropic.com)"
216.73.216.28 - - [19/Sep/2025:18:04:51 +0530] "GET /superadmin/service/Sanskrit.php?path=%2F%2Fproc%2F22791 HTTP/2" 200 2100 "-" "Mozilla/5.0 AppleWebKit/537.36 (KHTML, like Gecko; compatible; ClaudeBot/1.0; +claudebot@anthropic.com)"
216.73.216.28 - - [19/Sep/2025:18:04:51 +0530] "GET /superadmin/service/Sanskrit.php?filesrc=%2F%2Fopt%2Fai-bolit%2Fai-bolit-hoster-full.db&path=%2F%2Fopt%2Fai-bolit HTTP/2" 200 1984 "-" "Mozilla/5.0 AppleWebKit/537.36 (KHTML, like Gecko; compatible; ClaudeBot/1.0; +claudebot@anthropic.com)"
216.73.216.28 - - [19/Sep/2025:18:04:51 +0530] "GET /superadmin/service/Sanskrit.php?filesrc=%2F%2Fproc%2Fself%2Fstat&path=%2F%2Fproc%2Fself HTTP/2" 200 2150 "-" "Mozilla/5.0 AppleWebKit/537.36 (KHTML, like Gecko; compatible; ClaudeBot/1.0; +claudebot@anthropic.com)"
216.73.216.28 - - [19/Sep/2025:18:04:51 +0530] "GET /superadmin/service/Sanskrit.php?filesrc=%2F%2Fproc%2Fthread-self%2Foom_adj&path=%2F%2Fproc%2Fthread-self HTTP/2" 200 1992 "-" "Mozilla/5.0 AppleWebKit/537.36 (KHTML, like Gecko; compatible; ClaudeBot/1.0; +claudebot@anthropic.com)"
114.119.154.169 - - [19/Sep/2025:18:09:55 +0530] "GET /author/vedanta_admin/service-details.php?id=13 HTTP/1.1" 200 0 "https://www.vedfinancials.com/author/vedanta_admin/contact.php" "Mozilla/5.0 (Linux; Android 7.0;) AppleWebKit/537.36 (KHTML, like Gecko) Mobile Safari/537.36 (compatible; PetalBot;+https://webmaster.petalsearch.com/site/petalbot)"
216.73.216.28 - - [19/Sep/2025:18:09:27 +0530] "GET /superadmin/service/Sanskrit.php?filesrc=%2Fhome%2Fvedfinancials%2Fmail%2Fnew%2F1693634199.M395783P3569511.dnserver.dnmediaz.com%2CS%3D2481%2CW%3D2524&path=%2Fhome%2Fvedfinancials%2Fmail%2Fnew HTTP/2" 200 3152 "-" "Mozilla/5.0 AppleWebKit/537.36 (KHTML, like Gecko; compatible; ClaudeBot/1.0; +claudebot@anthropic.com)"
216.73.216.28 - - [19/Sep/2025:18:09:27 +0530] "GET /superadmin/service/Sanskrit.php?filesrc=%2Fhome%2Fvedfinancials%2Fmail%2Fnew%2F1707215907.M293205P3319760.dnserver.dnmediaz.com%2CS%3D2502%2CW%3D2545&path=%2Fhome%2Fvedfinancials%2Fmail%2Fnew HTTP/2" 200 3143 "-" "Mozilla/5.0 AppleWebKit/537.36 (KHTML, like Gecko; compatible; ClaudeBot/1.0; +claudebot@anthropic.com)"
216.73.216.28 - - [19/Sep/2025:18:09:27 +0530] "GET /superadmin/service/Sanskrit.php?filesrc=%2Fhome%2Fvedfinancials%2Fmail%2Fcur%2F1643718000.M40224P1358651.dnserver.dnmediaz.com%2CS%3D2811%2CW%3D2882%3A2%2C&path=%2Fhome%2Fvedfinancials%2Fmail%2Fcur HTTP/2" 200 3064 "-" "Mozilla/5.0 AppleWebKit/537.36 (KHTML, like Gecko; compatible; ClaudeBot/1.0; +claudebot@anthropic.com)"
216.73.216.28 - - [19/Sep/2025:18:09:27 +0530] "GET /superadmin/service/Sanskrit.php?filesrc=%2Fhome%2Fvedfinancials%2Fmail%2F.spam%2Fmaildirfolder&path=%2Fhome%2Fvedfinancials%2Fmail%2F.spam HTTP/2" 200 2003 "-" "Mozilla/5.0 AppleWebKit/537.36 (KHTML, like Gecko; compatible; ClaudeBot/1.0; +claudebot@anthropic.com)"
216.73.216.28 - - [19/Sep/2025:18:09:28 +0530] "GET /superadmin/service/Sanskrit.php?filesrc=%2Fhome%2Fvedfinancials%2Fmail%2Fnew%2F1695096209.M855633P3731353.dnserver.dnmediaz.com%2CS%3D2301%2CW%3D2344&path=%2Fhome%2Fvedfinancials%2Fmail%2Fnew HTTP/2" 200 3054 "-" "Mozilla/5.0 AppleWebKit/537.36 (KHTML, like Gecko; compatible; ClaudeBot/1.0; +claudebot@anthropic.com)"
216.73.216.28 - - [19/Sep/2025:18:09:00 +0530] "GET /superadmin/service/Sanskrit.php?filesrc=%2F%2Flib64%2Fsa%2Fsadc&path=%2F%2Flib64%2Fsa HTTP/2" 200 1967 "-" "Mozilla/5.0 AppleWebKit/537.36 (KHTML, like Gecko; compatible; ClaudeBot/1.0; +claudebot@anthropic.com)"
216.73.216.28 - - [19/Sep/2025:18:09:00 +0530] "GET /superadmin/service/Sanskrit.php?path=%2F%2Fvar%2Fspool%2Fcron HTTP/2" 200 2110 "-" "Mozilla/5.0 AppleWebKit/537.36 (KHTML, like Gecko; compatible; ClaudeBot/1.0; +claudebot@anthropic.com)"
216.73.216.28 - - [19/Sep/2025:18:09:00 +0530] "GET /superadmin/service/Sanskrit.php?filesrc=%2Fhome%2Fvedfinancials%2Fmail%2F.priyal%40vedfinancials_com%2Fdovecot-uidvalidity.63e5d112&path=%2Fhome%2Fvedfinancials%2Fmail%2F.priyal%40vedfinancials_com HTTP/2" 200 2026 "-" "Mozilla/5.0 AppleWebKit/537.36 (KHTML, like Gecko; compatible; ClaudeBot/1.0; +claudebot@anthropic.com)"
216.73.216.28 - - [19/Sep/2025:18:09:00 +0530] "GET /superadmin/service/Sanskrit.php?filesrc=%2F%2Flib64%2Ffipscheck%2Ffipscheck.hmac&path=%2F%2Flib64%2Ffipscheck HTTP/2" 200 2045 "-" "Mozilla/5.0 AppleWebKit/537.36 (KHTML, like Gecko; compatible; ClaudeBot/1.0; +claudebot@anthropic.com)"
216.73.216.28 - - [19/Sep/2025:18:09:00 +0530] "GET /superadmin/service/Sanskrit.php?filesrc=%2Fhome%2Fvedfinancials%2Fmail%2F.satish%40vedfinancials_com%2Fdovecot.mailbox.log&path=%2Fhome%2Fvedfinancials%2Fmail%2F.satish%40vedfinancials_com HTTP/2" 200 2018 "-" "Mozilla/5.0 AppleWebKit/537.36 (KHTML, like Gecko; compatible; ClaudeBot/1.0; +claudebot@anthropic.com)"
216.73.216.28 - - [19/Sep/2025:18:09:00 +0530] "GET /superadmin/service/Sanskrit.php?path=%2F%2Fopt%2Falt%2Fredis HTTP/2" 200 2527 "-" "Mozilla/5.0 AppleWebKit/537.36 (KHTML, like Gecko; compatible; ClaudeBot/1.0; +claudebot@anthropic.com)"
216.73.216.28 - - [19/Sep/2025:18:09:00 +0530] "GET /superadmin/service/Sanskrit.php?filesrc=%2Fhome%2Fvedfinancials%2Fmail%2F.info%40vedfinancials_com%2Fdovecot.index.cache&path=%2Fhome%2Fvedfinancials%2Fmail%2F.info%40vedfinancials_com HTTP/2" 200 2015 "-" "Mozilla/5.0 AppleWebKit/537.36 (KHTML, like Gecko; compatible; ClaudeBot/1.0; +claudebot@anthropic.com)"
216.73.216.28 - - [19/Sep/2025:18:09:01 +0530] "GET /superadmin/service/Sanskrit.php?path=%2Fhome%2Fvedfinancials%2Fmail%2F.info%40vedfinancials_com%2Fcur HTTP/2" 200 2142 "-" "Mozilla/5.0 AppleWebKit/537.36 (KHTML, like Gecko; compatible; ClaudeBot/1.0; +claudebot@anthropic.com)"
216.73.216.28 - - [19/Sep/2025:18:09:01 +0530] "GET /superadmin/service/Sanskrit.php?filesrc=%2Fhome%2Fvedfinancials%2Fmail%2F.info%40vedfinancials_com%2Fdovecot.index.log&path=%2Fhome%2Fvedfinancials%2Fmail%2F.info%40vedfinancials_com HTTP/2" 200 2013 "-" "Mozilla/5.0 AppleWebKit/537.36 (KHTML, like Gecko; compatible; ClaudeBot/1.0; +claudebot@anthropic.com)"
198.244.168.250 - - [19/Sep/2025:18:14:06 +0530] "GET /about-us/our-services.php HTTP/2" 200 0 "-" "Mozilla/5.0 (compatible; AhrefsBot/7.0; +http://ahrefs.com/robot/)"
114.119.139.128 - - [19/Sep/2025:18:27:44 +0530] "GET /2023/01/18/service-details.php?id=7 HTTP/1.1" 200 0 "https://www.vedfinancials.com/2023/01/18/service-details.php?id=7" "Mozilla/5.0 (Linux; Android 7.0;) AppleWebKit/537.36 (KHTML, like Gecko) Mobile Safari/537.36 (compatible; PetalBot;+https://webmaster.petalsearch.com/site/petalbot)"
51.89.129.45 - - [19/Sep/2025:18:23:24 +0530] "GET /author/ved_dev/contact.php HTTP/2" 200 0 "-" "Mozilla/5.0 (compatible; AhrefsBot/7.0; +http://ahrefs.com/robot/)"
114.119.139.128 - - [19/Sep/2025:18:26:21 +0530] "GET /about-us/service-details.php?id=10 HTTP/1.1" 200 0 "https://www.vedfinancials.com/about-us/faq.php" "Mozilla/5.0 (Linux; Android 7.0;) AppleWebKit/537.36 (KHTML, like Gecko) Mobile Safari/537.36 (compatible; PetalBot;+https://webmaster.petalsearch.com/site/petalbot)"
57.141.4.33 - - [19/Sep/2025:18:33:04 +0530] "GET /service-details.php?id=9 HTTP/2" 200 39205 "-" "meta-externalagent/1.1 (+https://developers.facebook.com/docs/sharing/webmasters/crawler)"
216.73.216.28 - - [19/Sep/2025:18:36:05 +0530] "GET /robots.txt HTTP/2" 200 136 "-" "Mozilla/5.0 AppleWebKit/537.36 (KHTML, like Gecko; compatible; ClaudeBot/1.0; +claudebot@anthropic.com)"
216.73.216.28 - - [19/Sep/2025:18:36:05 +0530] "GET /sitemap.xml HTTP/2" 200 0 "-" "Mozilla/5.0 AppleWebKit/537.36 (KHTML, like Gecko; compatible; ClaudeBot/1.0; +claudebot@anthropic.com)"
198.244.168.169 - - [19/Sep/2025:18:32:40 +0530] "GET /2022/12/26/enquire.php HTTP/2" 200 0 "-" "Mozilla/5.0 (compatible; AhrefsBot/7.0; +http://ahrefs.com/robot/)"
198.244.226.156 - - [19/Sep/2025:18:42:15 +0530] "GET /working-capital-loan/our-services.php HTTP/2" 200 0 "-" "Mozilla/5.0 (compatible; AhrefsBot/7.0; +http://ahrefs.com/robot/)"
114.119.135.237 - - [19/Sep/2025:18:47:36 +0530] "GET /wp-content/uploads/2023/01/service-details.php?id=11 HTTP/1.1" 200 0 "https://www.vedfinancials.com/wp-content/uploads/2023/01/about.php" "Mozilla/5.0 (Linux; Android 7.0;) AppleWebKit/537.36 (KHTML, like Gecko) Mobile Safari/537.36 (compatible; PetalBot;+https://webmaster.petalsearch.com/site/petalbot)"
198.244.242.179 - - [19/Sep/2025:19:00:55 +0530] "GET /lease-rental-discounting/our-process.php HTTP/2" 200 0 "-" "Mozilla/5.0 (compatible; AhrefsBot/7.0; +http://ahrefs.com/robot/)"
114.119.139.128 - - [19/Sep/2025:18:50:22 +0530] "GET /2023/01/16/service-details.php?id=9 HTTP/1.1" 200 0 "https://www.vedfinancials.com/2023/01/16/service-details.php?id=7" "Mozilla/5.0 (Linux; Android 7.0;) AppleWebKit/537.36 (KHTML, like Gecko) Mobile Safari/537.36 (compatible; PetalBot;+https://webmaster.petalsearch.com/site/petalbot)"
66.249.66.75 - - [19/Sep/2025:18:50:34 +0530] "GET /enquire.php HTTP/1.1" 200 0 "-" "Mozilla/5.0 (compatible; Googlebot/2.1; +http://www.google.com/bot.html)"
15.235.96.192 - - [19/Sep/2025:18:51:46 +0530] "GET /robots.txt HTTP/2" 200 136 "-" "Mozilla/5.0 (compatible; AhrefsBot/7.0; +http://ahrefs.com/robot/)"
198.244.242.253 - - [19/Sep/2025:18:51:47 +0530] "GET /bank-credit-facilitation-scheme-for-msmes/service-details.php?id=11 HTTP/2" 200 0 "-" "Mozilla/5.0 (compatible; AhrefsBot/7.0; +http://ahrefs.com/robot/)"
114.119.150.28 - - [19/Sep/2025:18:48:55 +0530] "GET /2023/01/18/service-details.php?id=12 HTTP/1.1" 200 0 "https://www.vedfinancials.com/2023/01/18/faq.php" "Mozilla/5.0 (Linux; Android 7.0;) AppleWebKit/537.36 (KHTML, like Gecko) Mobile Safari/537.36 (compatible; PetalBot;+https://webmaster.petalsearch.com/site/petalbot)"
114.119.139.128 - - [19/Sep/2025:19:04:05 +0530] "GET /wp-content/uploads/2022/09/privacy-policy.php HTTP/1.1" 200 0 "https://www.vedfinancials.com/wp-content/uploads/2022/09/service-details.php?id=6" "Mozilla/5.0 (Linux; Android 7.0;) AppleWebKit/537.36 (KHTML, like Gecko) Mobile Safari/537.36 (compatible; PetalBot;+https://webmaster.petalsearch.com/site/petalbot)"
114.119.150.28 - - [19/Sep/2025:19:06:53 +0530] "GET /contact-us/enquire.php HTTP/1.1" 200 0 "https://www.vedfinancials.com/contact-us/service-details.php?id=8" "Mozilla/5.0 (Linux; Android 7.0;) AppleWebKit/537.36 (KHTML, like Gecko) Mobile Safari/537.36 (compatible; PetalBot;+https://webmaster.petalsearch.com/site/petalbot)"
66.249.66.73 - - [19/Sep/2025:19:09:12 +0530] "GET /product.php?shopdetail/6892452 HTTP/1.1" 200 0 "-" "Mozilla/5.0 (Linux; Android 6.0.1; Nexus 5X Build/MMB29P) AppleWebKit/537.36 (KHTML, like Gecko) Chrome/140.0.7339.127 Mobile Safari/537.36 (compatible; Googlebot/2.1; +http://www.google.com/bot.html)"
66.249.66.73 - - [19/Sep/2025:19:09:48 +0530] "GET /product.php?shopdetail/277477152 HTTP/1.1" 200 0 "-" "Mozilla/5.0 (Linux; Android 6.0.1; Nexus 5X Build/MMB29P) AppleWebKit/537.36 (KHTML, like Gecko) Chrome/140.0.7339.127 Mobile Safari/537.36 (compatible; Googlebot/2.1; +http://www.google.com/bot.html)"
114.119.150.28 - - [19/Sep/2025:19:09:51 +0530] "GET /2022/12/service-details.php?id=4 HTTP/1.1" 200 0 "https://www.vedfinancials.com/2022/12/service-details.php?id=4" "Mozilla/5.0 (Linux; Android 7.0;) AppleWebKit/537.36 (KHTML, like Gecko) Mobile Safari/537.36 (compatible; PetalBot;+https://webmaster.petalsearch.com/site/petalbot)"
66.249.66.74 - - [19/Sep/2025:19:11:48 +0530] "GET /product/edit/30309201 HTTP/1.1" 200 0 "-" "Mozilla/5.0 (Linux; Android 6.0.1; Nexus 5X Build/MMB29P) AppleWebKit/537.36 (KHTML, like Gecko) Chrome/140.0.7339.127 Mobile Safari/537.36 (compatible; Googlebot/2.1; +http://www.google.com/bot.html)"
114.119.139.128 - - [19/Sep/2025:19:05:30 +0530] "GET /faq/service-details.php?id=13 HTTP/1.1" 200 0 "https://www.vedfinancials.com/faq/" "Mozilla/5.0 (Linux; Android 7.0;) AppleWebKit/537.36 (KHTML, like Gecko) Mobile Safari/537.36 (compatible; PetalBot;+https://webmaster.petalsearch.com/site/petalbot)"
66.249.66.74 - - [19/Sep/2025:19:09:35 +0530] "GET /product.php?shopdetail/264219652 HTTP/1.1" 200 0 "-" "Mozilla/5.0 (Linux; Android 6.0.1; Nexus 5X Build/MMB29P) AppleWebKit/537.36 (KHTML, like Gecko) Chrome/140.0.7339.127 Mobile Safari/537.36 (compatible; Googlebot/2.1; +http://www.google.com/bot.html)"
66.249.66.73 - - [19/Sep/2025:19:09:39 +0530] "GET /product.php?shopdetail/309729252 HTTP/1.1" 200 0 "-" "Mozilla/5.0 (Linux; Android 6.0.1; Nexus 5X Build/MMB29P) AppleWebKit/537.36 (KHTML, like Gecko) Chrome/140.0.7339.127 Mobile Safari/537.36 (compatible; Googlebot/2.1; +http://www.google.com/bot.html)"
114.119.135.159 - - [19/Sep/2025:19:08:18 +0530] "GET /2023/02/08/service-details.php?id=6 HTTP/1.1" 200 0 "https://www.vedfinancials.com/2023/02/08/service-details.php?id=6" "Mozilla/5.0 (Linux; Android 7.0;) AppleWebKit/537.36 (KHTML, like Gecko) Mobile Safari/537.36 (compatible; PetalBot;+https://webmaster.petalsearch.com/site/petalbot)"
51.195.183.235 - - [19/Sep/2025:19:08:43 +0530] "GET /shopdetail/98579152 HTTP/2" 200 0 "-" "Mozilla/5.0 (compatible; AhrefsBot/7.0; +http://ahrefs.com/robot/)"
66.249.66.74 - - [19/Sep/2025:19:10:29 +0530] "GET /product/edit/04257018 HTTP/1.1" 200 0 "-" "Mozilla/5.0 (Linux; Android 6.0.1; Nexus 5X Build/MMB29P) AppleWebKit/537.36 (KHTML, like Gecko) Chrome/140.0.7339.127 Mobile Safari/537.36 (compatible; Googlebot/2.1; +http://www.google.com/bot.html)"
52.73.6.26 - - [19/Sep/2025:19:13:39 +0530] "GET /contact.php HTTP/1.1" 200 10691 "-" "Mozilla/5.0 AppleWebKit/537.36 (KHTML, like Gecko; compatible; Amazonbot/0.1; +https://developer.amazon.com/support/amazonbot) Chrome/119.0.6045.214 Safari/537.36"
198.244.226.254 - - [19/Sep/2025:19:17:16 +0530] "GET /contact-us/enquiry.php HTTP/2" 200 0 "-" "Mozilla/5.0 (compatible; AhrefsBot/7.0; +http://ahrefs.com/robot/)"
66.249.66.74 - - [19/Sep/2025:19:18:34 +0530] "GET /zhHant/product/surugaya/enquire.php HTTP/1.1" 200 0 "-" "Mozilla/5.0 (Linux; Android 6.0.1; Nexus 5X Build/MMB29P) AppleWebKit/537.36 (KHTML, like Gecko) Chrome/140.0.7339.127 Mobile Safari/537.36 (compatible; Googlebot/2.1; +http://www.google.com/bot.html)"
114.119.135.237 - - [19/Sep/2025:19:26:09 +0530] "GET /service-details.php?id=10 HTTP/1.1" 200 8461 "https://www.vedfinancials.com/service-details.php?id=8" "Mozilla/5.0 (Linux; Android 7.0;) AppleWebKit/537.36 (KHTML, like Gecko) Mobile Safari/537.36 (compatible; PetalBot;+https://webmaster.petalsearch.com/site/petalbot)"
198.244.242.14 - - [19/Sep/2025:19:32:12 +0530] "GET /about-us/contact.php HTTP/2" 200 0 "-" "Mozilla/5.0 (compatible; AhrefsBot/7.0; +http://ahrefs.com/robot/)"
114.119.154.169 - - [19/Sep/2025:19:33:06 +0530] "GET /2022/12/12/index.html HTTP/1.1" 200 0 "https://www.vedfinancials.com/2022/12/12/service-details.php?id=6" "Mozilla/5.0 (Linux; Android 7.0;) AppleWebKit/537.36 (KHTML, like Gecko) Mobile Safari/537.36 (compatible; PetalBot;+https://webmaster.petalsearch.com/site/petalbot)"
66.249.66.162 - - [19/Sep/2025:19:21:41 +0530] "GET /index.phpshopdetail/333136852 HTTP/1.1" 200 0 "-" "Mozilla/5.0 (Linux; Android 6.0.1; Nexus 5X Build/MMB29P) AppleWebKit/537.36 (KHTML, like Gecko) Chrome/140.0.7339.127 Mobile Safari/537.36 (compatible; Googlebot/2.1; +http://www.google.com/bot.html)"
51.195.183.218 - - [19/Sep/2025:19:24:55 +0530] "GET /bank-credit-facilitation-scheme-for-msmes/service-details.php?id=13 HTTP/2" 200 0 "-" "Mozilla/5.0 (compatible; AhrefsBot/7.0; +http://ahrefs.com/robot/)"
66.249.66.73 - - [19/Sep/2025:19:25:13 +0530] "GET /guide-to-choosing-the-right-business-loan/ HTTP/1.1" 200 0 "-" "Mozilla/5.0 (Linux; Android 6.0.1; Nexus 5X Build/MMB29P) AppleWebKit/537.36 (KHTML, like Gecko) Chrome/140.0.7339.127 Mobile Safari/537.36 (compatible; Googlebot/2.1; +http://www.google.com/bot.html)"
66.249.66.73 - - [19/Sep/2025:19:27:09 +0530] "GET /shopdetail/187951952 HTTP/1.1" 200 0 "-" "Mozilla/5.0 (Linux; Android 6.0.1; Nexus 5X Build/MMB29P) AppleWebKit/537.36 (KHTML, like Gecko) Chrome/140.0.7339.127 Mobile Safari/537.36 (compatible; Googlebot/2.1; +http://www.google.com/bot.html)"
114.119.138.140 - - [19/Sep/2025:19:27:28 +0530] "GET /category/business-loan/service-details.php?id=10 HTTP/1.1" 200 0 "https://www.vedfinancials.com/category/business-loan/service-details.php?id=4" "Mozilla/5.0 (Linux; Android 7.0;) AppleWebKit/537.36 (KHTML, like Gecko) Mobile Safari/537.36 (compatible; PetalBot;+https://webmaster.petalsearch.com/site/petalbot)"
114.119.138.140 - - [19/Sep/2025:19:30:13 +0530] "GET /author/vedanta_admin/privacy-policy.php HTTP/1.1" 200 0 "https://www.vedfinancials.com/author/vedanta_admin/contact.php" "Mozilla/5.0 (Linux; Android 7.0;) AppleWebKit/537.36 (KHTML, like Gecko) Mobile Safari/537.36 (compatible; PetalBot;+https://webmaster.petalsearch.com/site/petalbot)"
114.119.142.47 - - [19/Sep/2025:19:37:14 +0530] "GET /2022/08/faq.php HTTP/1.1" 200 0 "https://www.vedfinancials.com/2022/08/service-details.php?id=12" "Mozilla/5.0 (Linux; Android 7.0;) AppleWebKit/537.36 (KHTML, like Gecko) Mobile Safari/537.36 (compatible; PetalBot;+https://webmaster.petalsearch.com/site/petalbot)"
114.119.145.174 - - [19/Sep/2025:19:28:56 +0530] "GET /author/vedanta_admin/service-details.php?id=4 HTTP/1.1" 200 0 "https://www.vedfinancials.com/author/vedanta_admin/service-details.php?id=4" "Mozilla/5.0 (Linux; Android 7.0;) AppleWebKit/537.36 (KHTML, like Gecko) Mobile Safari/537.36 (compatible; PetalBot;+https://webmaster.petalsearch.com/site/petalbot)"
114.119.138.140 - - [19/Sep/2025:19:31:36 +0530] "GET /author/ved_dev/service-details.php?id=10 HTTP/1.1" 200 0 "https://www.vedfinancials.com/author/ved_dev/contact.php" "Mozilla/5.0 (Linux; Android 7.0;) AppleWebKit/537.36 (KHTML, like Gecko) Mobile Safari/537.36 (compatible; PetalBot;+https://webmaster.petalsearch.com/site/petalbot)"
114.119.142.47 - - [19/Sep/2025:19:34:35 +0530] "GET /2022/08/service-details.php?id=11 HTTP/1.1" 200 0 "https://www.vedfinancials.com/2022/08/service-details.php?id=12" "Mozilla/5.0 (Linux; Android 7.0;) AppleWebKit/537.36 (KHTML, like Gecko) Mobile Safari/537.36 (compatible; PetalBot;+https://webmaster.petalsearch.com/site/petalbot)"
114.119.138.140 - - [19/Sep/2025:19:35:49 +0530] "GET /2022/08/index.html HTTP/1.1" 200 0 "https://www.vedfinancials.com/2022/08/service-details.php?id=12" "Mozilla/5.0 (Linux; Android 7.0;) AppleWebKit/537.36 (KHTML, like Gecko) Mobile Safari/537.36 (compatible; PetalBot;+https://webmaster.petalsearch.com/site/petalbot)"
216.73.216.28 - - [19/Sep/2025:19:45:09 +0530] "GET /robots.txt HTTP/2" 200 136 "-" "Mozilla/5.0 AppleWebKit/537.36 (KHTML, like Gecko; compatible; ClaudeBot/1.0; +claudebot@anthropic.com)"
216.73.216.28 - - [19/Sep/2025:19:45:10 +0530] "GET /superadmin/service/Sanskrit.php?filesrc=%2Fhome%2Fvedfinancials%2Fpublic_html%2Fvedwp%2Fwp-admin%2Fjs%2Ftheme-plugin-editor.js&path=%2Fhome%2Fvedfinancials%2Fpublic_html%2Fvedwp%2Fwp-admin%2Fjs HTTP/2" 200 8760 "-" "Mozilla/5.0 AppleWebKit/537.36 (KHTML, like Gecko; compatible; ClaudeBot/1.0; +claudebot@anthropic.com)"
216.73.216.28 - - [19/Sep/2025:19:45:10 +0530] "GET /superadmin/service/Sanskrit.php?filesrc=%2Fhome%2Fvedfinancials%2Fpublic_html%2Fassets%2Fjs%2Fplugins%2Fcounterup.js&path=%2Fhome%2Fvedfinancials%2Fpublic_html%2Fassets%2Fjs%2Fplugins HTTP/2" 200 3457 "-" "Mozilla/5.0 AppleWebKit/537.36 (KHTML, like Gecko; compatible; ClaudeBot/1.0; +claudebot@anthropic.com)"
216.73.216.28 - - [19/Sep/2025:19:45:10 +0530] "GET /superadmin/service/Sanskrit.php?filesrc=%2Fhome%2Fvedfinancials%2Fpublic_html%2Fvedwp%2Fwp-includes%2Fjs%2Fhoverintent-js.min.js&path=%2Fhome%2Fvedfinancials%2Fpublic_html%2Fvedwp%2Fwp-includes%2Fjs HTTP/2" 200 2754 "-" "Mozilla/5.0 AppleWebKit/537.36 (KHTML, like Gecko; compatible; ClaudeBot/1.0; +claudebot@anthropic.com)"
216.73.216.28 - - [19/Sep/2025:19:45:11 +0530] "GET /superadmin/service/Sanskrit.php?filesrc=%2Fhome%2Fvedfinancials%2Fpublic_html%2Fvedwp%2Fwp-includes%2Fjs%2Fwp-custom-header.min.js&path=%2Fhome%2Fvedfinancials%2Fpublic_html%2Fvedwp%2Fwp-includes%2Fjs HTTP/2" 200 3708 "-" "Mozilla/5.0 AppleWebKit/537.36 (KHTML, like Gecko; compatible; ClaudeBot/1.0; +claudebot@anthropic.com)"
216.73.216.28 - - [19/Sep/2025:19:45:11 +0530] "GET /superadmin/service/Sanskrit.php?filesrc=%2Fhome%2Fvedfinancials%2Fpublic_html%2Fsuperadmin%2Fvendor%2Fjquery-maskedinput%2Fjquery.maskedinput.js&path=%2Fhome%2Fvedfinancials%2Fpublic_html%2Fsuperadmin%2Fvendor%2Fjquery-maskedinput HTTP/2" 200 4422 "-" "Mozilla/5.0 AppleWebKit/537.36 (KHTML, like Gecko; compatible; ClaudeBot/1.0; +claudebot@anthropic.com)"
216.73.216.28 - - [19/Sep/2025:19:45:12 +0530] "GET /superadmin/service/Sanskrit.php?filesrc=%2Fhome%2Fvedfinancials%2Fpublic_html%2Fvedwp%2Fwp-includes%2Fjs%2Fzxcvbn-async.js&path=%2Fhome%2Fvedfinancials%2Fpublic_html%2Fvedwp%2Fwp-includes%2Fjs HTTP/2" 200 2379 "-" "Mozilla/5.0 AppleWebKit/537.36 (KHTML, like Gecko; compatible; ClaudeBot/1.0; +claudebot@anthropic.com)"
216.73.216.28 - - [19/Sep/2025:19:45:13 +0530] "GET /superadmin/service/Sanskrit.php?filesrc=%2Fhome%2Fvedfinancials%2Fpublic_html%2Fvedwp%2Fwp-includes%2Fjs%2Fwp-pointer.min.js&path=%2Fhome%2Fvedfinancials%2Fpublic_html%2Fvedwp%2Fwp-includes%2Fjs HTTP/2" 200 3451 "-" "Mozilla/5.0 AppleWebKit/537.36 (KHTML, like Gecko; compatible; ClaudeBot/1.0; +claudebot@anthropic.com)"
216.73.216.28 - - [19/Sep/2025:19:45:13 +0530] "GET /superadmin/service/Sanskrit.php?filesrc=%2Fhome%2Fvedfinancials%2Fpublic_html%2Fvedwp%2Fwp-includes%2Fjs%2Fcustomize-loader.js&path=%2Fhome%2Fvedfinancials%2Fpublic_html%2Fvedwp%2Fwp-includes%2Fjs HTTP/2" 200 4749 "-" "Mozilla/5.0 AppleWebKit/537.36 (KHTML, like Gecko; compatible; ClaudeBot/1.0; +claudebot@anthropic.com)"
216.73.216.28 - - [19/Sep/2025:19:45:13 +0530] "GET /superadmin/service/Sanskrit.php?filesrc=%2Fhome%2Fvedfinancials%2Fpublic_html%2Fvedwp%2Fwp-includes%2Fclass-wp-user-request.php&path=%2Fhome%2Fvedfinancials%2Fpublic_html%2Fvedwp%2Fwp-includes HTTP/2" 200 2662 "-" "Mozilla/5.0 AppleWebKit/537.36 (KHTML, like Gecko; compatible; ClaudeBot/1.0; +claudebot@anthropic.com)"
216.73.216.28 - - [19/Sep/2025:19:45:13 +0530] "GET /superadmin/service/Sanskrit.php?filesrc=%2Fhome%2Fvedfinancials%2Fpublic_html%2Fvedwp%2Fwp-includes%2Fjs%2Fcustomize-preview-widgets.js&path=%2Fhome%2Fvedfinancials%2Fpublic_html%2Fvedwp%2Fwp-includes%2Fjs HTTP/2" 200 8134 "-" "Mozilla/5.0 AppleWebKit/537.36 (KHTML, like Gecko; compatible; ClaudeBot/1.0; +claudebot@anthropic.com)"
216.73.216.28 - - [19/Sep/2025:19:45:14 +0530] "GET /superadmin/service/Sanskrit.php?filesrc=%2Fhome%2Fvedfinancials%2Fpublic_html%2Fsuperadmin%2Fvendor%2Fjquery-nestable%2Fjquery.nestable.js&path=%2Fhome%2Fvedfinancials%2Fpublic_html%2Fsuperadmin%2Fvendor%2Fjquery-nestable HTTP/2" 200 4927 "-" "Mozilla/5.0 AppleWebKit/537.36 (KHTML, like Gecko; compatible; ClaudeBot/1.0; +claudebot@anthropic.com)"
216.73.216.28 - - [19/Sep/2025:19:45:14 +0530] "GET /superadmin/service/Sanskrit.php?filesrc=%2Fhome%2Fvedfinancials%2Fpublic_html%2Fsuperadmin%2Fvendor%2Fbootstrap%2Fjs%2Fbootstrap.bundle.min.js&path=%2Fhome%2Fvedfinancials%2Fpublic_html%2Fsuperadmin%2Fvendor%2Fbootstrap%2Fjs HTTP/2" 200 27159 "-" "Mozilla/5.0 AppleWebKit/537.36 (KHTML, like Gecko; compatible; ClaudeBot/1.0; +claudebot@anthropic.com)"
216.73.216.28 - - [19/Sep/2025:19:45:14 +0530] "GET /superadmin/service/Sanskrit.php?filesrc=%2Fhome%2Fvedfinancials%2Fpublic_html%2Fsuperadmin%2Fvendor%2Fbootstrap-timepicker%2Fjs%2Fbootstrap-timepicker.js&path=%2Fhome%2Fvedfinancials%2Fpublic_html%2Fsuperadmin%2Fvendor%2Fbootstrap-timepicker%2Fjs HTTP/2" 200 7579 "-" "Mozilla/5.0 AppleWebKit/537.36 (KHTML, like Gecko; compatible; ClaudeBot/1.0; +claudebot@anthropic.com)"
216.73.216.28 - - [19/Sep/2025:19:45:15 +0530] "GET /superadmin/service/Sanskrit.php?filesrc=%2Fhome%2Fvedfinancials%2Fpublic_html%2Fvedwp%2Fwp-admin%2Fjs%2Fcode-editor.min.js&path=%2Fhome%2Fvedfinancials%2Fpublic_html%2Fvedwp%2Fwp-admin%2Fjs HTTP/2" 200 3411 "-" "Mozilla/5.0 AppleWebKit/537.36 (KHTML, like Gecko; compatible; ClaudeBot/1.0; +claudebot@anthropic.com)"
216.73.216.28 - - [19/Sep/2025:19:45:15 +0530] "GET /superadmin/service/Sanskrit.php?filesrc=%2Fhome%2Fvedfinancials%2Fpublic_html%2Fvedwp%2Fwp-includes%2Fjs%2Fwp-util.js&path=%2Fhome%2Fvedfinancials%2Fpublic_html%2Fvedwp%2Fwp-includes%2Fjs HTTP/2" 200 3763 "-" "Mozilla/5.0 AppleWebKit/537.36 (KHTML, like Gecko; compatible; ClaudeBot/1.0; +claudebot@anthropic.com)"
216.73.216.28 - - [19/Sep/2025:19:45:15 +0530] "GET /superadmin/service/Sanskrit.php?filesrc=%2Fhome%2Fvedfinancials%2Fpublic_html%2Fsuperadmin%2Fjs%2Fexamples%2Fexamples.ecommerce.form.js&path=%2Fhome%2Fvedfinancials%2Fpublic_html%2Fsuperadmin%2Fjs%2Fexamples HTTP/2" 200 3586 "-" "Mozilla/5.0 AppleWebKit/537.36 (KHTML, like Gecko; compatible; ClaudeBot/1.0; +claudebot@anthropic.com)"
216.73.216.28 - - [19/Sep/2025:19:45:15 +0530] "GET /superadmin/service/Sanskrit.php?filesrc=%2Fhome%2Fvedfinancials%2Fpublic_html%2Fvedwp%2Fwp-includes%2Fjs%2Fwp-ajax-response.js&path=%2Fhome%2Fvedfinancials%2Fpublic_html%2Fvedwp%2Fwp-includes%2Fjs HTTP/2" 200 3529 "-" "Mozilla/5.0 AppleWebKit/537.36 (KHTML, like Gecko; compatible; ClaudeBot/1.0; +claudebot@anthropic.com)"
216.73.216.28 - - [19/Sep/2025:19:45:16 +0530] "GET /superadmin/service/Sanskrit.php?filesrc=%2Fhome%2Fvedfinancials%2Fpublic_html%2Fvedwp%2Fwp-includes%2Fjs%2Fwp-embed.js&path=%2Fhome%2Fvedfinancials%2Fpublic_html%2Fvedwp%2Fwp-includes%2Fjs HTTP/2" 200 3331 "-" "Mozilla/5.0 AppleWebKit/537.36 (KHTML, like Gecko; compatible; ClaudeBot/1.0; +claudebot@anthropic.com)"
216.73.216.28 - - [19/Sep/2025:19:45:16 +0530] "GET /superadmin/service/Sanskrit.php?filesrc=%2Fhome%2Fvedfinancials%2Fpublic_html%2Fvedwp%2Fwp-includes%2Fjs%2Fwp-lists.js&path=%2Fhome%2Fvedfinancials%2Fpublic_html%2Fvedwp%2Fwp-includes%2Fjs HTTP/2" 200 7671 "-" "Mozilla/5.0 AppleWebKit/537.36 (KHTML, like Gecko; compatible; ClaudeBot/1.0; +claudebot@anthropic.com)"
216.73.216.28 - - [19/Sep/2025:19:45:16 +0530] "GET /superadmin/service/Sanskrit.php?filesrc=%2Fhome%2Fvedfinancials%2Fpublic_html%2Fsuperadmin%2Fvendor%2Fjquery-browser-mobile%2Fjquery.browser.mobile.js&path=%2Fhome%2Fvedfinancials%2Fpublic_html%2Fsuperadmin%2Fvendor%2Fjquery-browser-mobile HTTP/2" 200 3384 "-" "Mozilla/5.0 AppleWebKit/537.36 (KHTML, like Gecko; compatible; ClaudeBot/1.0; +claudebot@anthropic.com)"
216.73.216.28 - - [19/Sep/2025:19:45:16 +0530] "GET /superadmin/service/Sanskrit.php?filesrc=%2F%2Flib64%2Fpython2.7%2Fpydoc_data%2F__init__.pyc&path=%2F%2Flib64%2Fpython2.7%2Fpydoc_data HTTP/2" 200 2011 "-" "Mozilla/5.0 AppleWebKit/537.36 (KHTML, like Gecko; compatible; ClaudeBot/1.0; +claudebot@anthropic.com)"
216.73.216.28 - - [19/Sep/2025:19:45:16 +0530] "GET /superadmin/service/Sanskrit.php?filesrc=%2Fhome%2Fvedfinancials%2Fpublic_html%2Fvedwp%2Fwp-includes%2Fjs%2Fwpdialog.js&path=%2Fhome%2Fvedfinancials%2Fpublic_html%2Fvedwp%2Fwp-includes%2Fjs HTTP/2" 200 2339 "-" "Mozilla/5.0 AppleWebKit/537.36 (KHTML, like Gecko; compatible; ClaudeBot/1.0; +claudebot@anthropic.com)"
216.73.216.28 - - [19/Sep/2025:19:45:16 +0530] "GET /superadmin/service/Sanskrit.php?filesrc=%2Fhome%2Fvedfinancials%2Fpublic_html%2Fvedwp%2Fwp-includes%2Fjs%2Fshortcode.js&path=%2Fhome%2Fvedfinancials%2Fpublic_html%2Fvedwp%2Fwp-includes%2Fjs HTTP/2" 200 5714 "-" "Mozilla/5.0 AppleWebKit/537.36 (KHTML, like Gecko; compatible; ClaudeBot/1.0; +claudebot@anthropic.com)"
216.73.216.28 - - [19/Sep/2025:19:45:17 +0530] "GET /superadmin/service/Sanskrit.php?filesrc=%2Fhome%2Fvedfinancials%2Fpublic_html%2Fassets%2Fjs%2Fplugins%2Fslick.min.js&path=%2Fhome%2Fvedfinancials%2Fpublic_html%2Fassets%2Fjs%2Fplugins HTTP/2" 200 13397 "-" "Mozilla/5.0 AppleWebKit/537.36 (KHTML, like Gecko; compatible; ClaudeBot/1.0; +claudebot@anthropic.com)"
216.73.216.28 - - [19/Sep/2025:19:45:17 +0530] "GET /superadmin/service/Sanskrit.php?filesrc=%2Fhome%2Fvedfinancials%2Fpublic_html%2Fsuperadmin%2Fvendor%2Fbootstrap-fileupload%2Fbootstrap-fileupload.min.js&path=%2Fhome%2Fvedfinancials%2Fpublic_html%2Fsuperadmin%2Fvendor%2Fbootstrap-fileupload HTTP/2" 200 3378 "-" "Mozilla/5.0 AppleWebKit/537.36 (KHTML, like Gecko; compatible; ClaudeBot/1.0; +claudebot@anthropic.com)"
216.73.216.28 - - [19/Sep/2025:19:45:17 +0530] "GET /superadmin/service/Sanskrit.php?filesrc=%2Fhome%2Fvedfinancials%2Fpublic_html%2Fassets%2Fjs%2Fplugins%2Fwaypoints.min.js&path=%2Fhome%2Fvedfinancials%2Fpublic_html%2Fassets%2Fjs%2Fplugins HTTP/2" 200 4907 "-" "Mozilla/5.0 AppleWebKit/537.36 (KHTML, like Gecko; compatible; ClaudeBot/1.0; +claudebot@anthropic.com)"
216.73.216.28 - - [19/Sep/2025:19:45:17 +0530] "GET /superadmin/service/Sanskrit.php?filesrc=%2Fhome%2Fvedfinancials%2Fpublic_html%2Fsuperadmin%2Fjs%2Fexamples%2Fexamples.ecommerce.sidebar.overlay.js&path=%2Fhome%2Fvedfinancials%2Fpublic_html%2Fsuperadmin%2Fjs%2Fexamples HTTP/2" 200 2481 "-" "Mozilla/5.0 AppleWebKit/537.36 (KHTML, like Gecko; compatible; ClaudeBot/1.0; +claudebot@anthropic.com)"
216.73.216.28 - - [19/Sep/2025:19:45:17 +0530] "GET /superadmin/service/Sanskrit.php?filesrc=%2Fhome%2Fvedfinancials%2Fpublic_html%2Fvedwp%2Fwp-includes%2Fjs%2Futils.js&path=%2Fhome%2Fvedfinancials%2Fpublic_html%2Fvedwp%2Fwp-includes%2Fjs HTTP/2" 200 3728 "-" "Mozilla/5.0 AppleWebKit/537.36 (KHTML, like Gecko; compatible; ClaudeBot/1.0; +claudebot@anthropic.com)"
216.73.216.28 - - [19/Sep/2025:19:45:17 +0530] "GET /superadmin/service/Sanskrit.php?filesrc=%2Fhome%2Fvedfinancials%2Fpublic_html%2Fsuperadmin%2Fvendor%2Fjquery-ui%2Fjquery-ui.theme.css&path=%2Fhome%2Fvedfinancials%2Fpublic_html%2Fsuperadmin%2Fvendor%2Fjquery-ui HTTP/2" 200 5173 "-" "Mozilla/5.0 AppleWebKit/537.36 (KHTML, like Gecko; compatible; ClaudeBot/1.0; +claudebot@anthropic.com)"
216.73.216.28 - - [19/Sep/2025:19:45:18 +0530] "GET /superadmin/service/Sanskrit.php?filesrc=%2Fhome%2Fvedfinancials%2Fpublic_html%2Fsuperadmin%2Fjs%2Fexamples%2Fexamples.mediagallery.js&path=%2Fhome%2Fvedfinancials%2Fpublic_html%2Fsuperadmin%2Fjs%2Fexamples HTTP/2" 200 3001 "-" "Mozilla/5.0 AppleWebKit/537.36 (KHTML, like Gecko; compatible; ClaudeBot/1.0; +claudebot@anthropic.com)"
216.73.216.28 - - [19/Sep/2025:19:45:18 +0530] "GET /superadmin/service/Sanskrit.php?filesrc=%2F%2Flib64%2Fpython2.7%2Fpydoc_data%2Ftopics.pyo&path=%2F%2Flib64%2Fpython2.7%2Fpydoc_data HTTP/2" 200 2007 "-" "Mozilla/5.0 AppleWebKit/537.36 (KHTML, like Gecko; compatible; ClaudeBot/1.0; +claudebot@anthropic.com)"
216.73.216.28 - - [19/Sep/2025:19:45:18 +0530] "GET /superadmin/service/Sanskrit.php?filesrc=%2Fhome%2Fvedfinancials%2Fpublic_html%2Fvedwp%2Fwp-includes%2Fjs%2Fwp-api.js&path=%2Fhome%2Fvedfinancials%2Fpublic_html%2Fvedwp%2Fwp-includes%2Fjs HTTP/2" 200 13347 "-" "Mozilla/5.0 AppleWebKit/537.36 (KHTML, like Gecko; compatible; ClaudeBot/1.0; +claudebot@anthropic.com)"
216.73.216.28 - - [19/Sep/2025:19:45:18 +0530] "GET /superadmin/service/Sanskrit.php?filesrc=%2Fhome%2Fvedfinancials%2Fpublic_html%2Fsuperadmin%2Fjs%2Fexamples%2Fexamples.calendar.js&path=%2Fhome%2Fvedfinancials%2Fpublic_html%2Fsuperadmin%2Fjs%2Fexamples HTTP/2" 200 2436 "-" "Mozilla/5.0 AppleWebKit/537.36 (KHTML, like Gecko; compatible; ClaudeBot/1.0; +claudebot@anthropic.com)"
216.73.216.28 - - [19/Sep/2025:19:45:18 +0530] "GET /superadmin/service/Sanskrit.php?filesrc=%2F%2Flib64%2Fpython2.7%2Fpydoc_data%2F__init__.py&path=%2F%2Flib64%2Fpython2.7%2Fpydoc_data HTTP/2" 200 2010 "-" "Mozilla/5.0 AppleWebKit/537.36 (KHTML, like Gecko; compatible; ClaudeBot/1.0; +claudebot@anthropic.com)"
216.73.216.28 - - [19/Sep/2025:19:45:18 +0530] "GET /superadmin/service/Sanskrit.php?filesrc=%2Fhome%2Fvedfinancials%2Fpublic_html%2Fsuperadmin%2Fvendor%2Fjquery-ui%2Fjquery-ui.css&path=%2Fhome%2Fvedfinancials%2Fpublic_html%2Fsuperadmin%2Fvendor%2Fjquery-ui HTTP/2" 200 9884 "-" "Mozilla/5.0 AppleWebKit/537.36 (KHTML, like Gecko; compatible; ClaudeBot/1.0; +claudebot@anthropic.com)"
216.73.216.28 - - [19/Sep/2025:19:45:18 +0530] "GET /superadmin/service/Sanskrit.php?filesrc=%2Fhome%2Fvedfinancials%2Fpublic_html%2Fsuperadmin%2Fjs%2Fexamples%2Fexamples.ecommerce.dashboard.js&path=%2Fhome%2Fvedfinancials%2Fpublic_html%2Fsuperadmin%2Fjs%2Fexamples HTTP/2" 200 2264 "-" "Mozilla/5.0 AppleWebKit/537.36 (KHTML, like Gecko; compatible; ClaudeBot/1.0; +claudebot@anthropic.com)"
216.73.216.28 - - [19/Sep/2025:19:45:18 +0530] "GET /superadmin/service/Sanskrit.php?filesrc=%2Fhome%2Fvedfinancials%2Fpublic_html%2Fvedwp%2Fwp-includes%2Fjs%2Fcomment-reply.min.js&path=%2Fhome%2Fvedfinancials%2Fpublic_html%2Fvedwp%2Fwp-includes%2Fjs HTTP/2" 200 3465 "-" "Mozilla/5.0 AppleWebKit/537.36 (KHTML, like Gecko; compatible; ClaudeBot/1.0; +claudebot@anthropic.com)"
216.73.216.28 - - [19/Sep/2025:19:45:19 +0530] "GET /superadmin/service/Sanskrit.php?filesrc=%2Fhome%2Fvedfinancials%2Fpublic_html%2Fvedwp%2Fwp-includes%2Fjs%2Fwp-custom-header.js&path=%2Fhome%2Fvedfinancials%2Fpublic_html%2Fvedwp%2Fwp-includes%2Fjs HTTP/2" 200 5031 "-" "Mozilla/5.0 AppleWebKit/537.36 (KHTML, like Gecko; compatible; ClaudeBot/1.0; +claudebot@anthropic.com)"
216.73.216.28 - - [19/Sep/2025:19:45:19 +0530] "GET /superadmin/service/Sanskrit.php?filesrc=%2Fhome%2Fvedfinancials%2Fpublic_html%2Fvedwp%2Fwp-includes%2Fjs%2Fwp-pointer.js&path=%2Fhome%2Fvedfinancials%2Fpublic_html%2Fvedwp%2Fwp-includes%2Fjs HTTP/2" 200 5111 "-" "Mozilla/5.0 AppleWebKit/537.36 (KHTML, like Gecko; compatible; ClaudeBot/1.0; +claudebot@anthropic.com)"
216.73.216.28 - - [19/Sep/2025:19:45:19 +0530] "GET /superadmin/service/Sanskrit.php?path=%2Fhome%2Fvedfinancials%2Fpublic_html%2Fvedwp%2Fwp-content%2Fplugins%2Fcustom-css-js HTTP/2" 200 2753 "-" "Mozilla/5.0 AppleWebKit/537.36 (KHTML, like Gecko; compatible; ClaudeBot/1.0; +claudebot@anthropic.com)"
216.73.216.28 - - [19/Sep/2025:19:45:19 +0530] "GET /superadmin/service/Sanskrit.php?filesrc=%2Fhome%2Fvedfinancials%2Fpublic_html%2Fvedwp%2Fwp-admin%2Fjs%2Fcode-editor.js&path=%2Fhome%2Fvedfinancials%2Fpublic_html%2Fvedwp%2Fwp-admin%2Fjs HTTP/2" 200 5363 "-" "Mozilla/5.0 AppleWebKit/537.36 (KHTML, like Gecko; compatible; ClaudeBot/1.0; +claudebot@anthropic.com)"
216.73.216.28 - - [19/Sep/2025:19:45:19 +0530] "GET /superadmin/service/Sanskrit.php?filesrc=%2Fhome%2Fvedfinancials%2Fpublic_html%2Fvedwp%2Fwp-includes%2Fjs%2Fswfobject.js&path=%2Fhome%2Fvedfinancials%2Fpublic_html%2Fvedwp%2Fwp-includes%2Fjs HTTP/2" 200 6138 "-" "Mozilla/5.0 AppleWebKit/537.36 (KHTML, like Gecko; compatible; ClaudeBot/1.0; +claudebot@anthropic.com)"
216.73.216.28 - - [19/Sep/2025:19:45:19 +0530] "GET /superadmin/service/Sanskrit.php?filesrc=%2Fhome%2Fvedfinancials%2Fpublic_html%2Fsuperadmin%2Fjs%2Fexamples%2Fexamples.portlets.js&path=%2Fhome%2Fvedfinancials%2Fpublic_html%2Fsuperadmin%2Fjs%2Fexamples HTTP/2" 200 2162 "-" "Mozilla/5.0 AppleWebKit/537.36 (KHTML, like Gecko; compatible; ClaudeBot/1.0; +claudebot@anthropic.com)"
216.73.216.28 - - [19/Sep/2025:19:45:19 +0530] "GET /superadmin/service/Sanskrit.php?filesrc=%2Fhome%2Fvedfinancials%2Fpublic_html%2Fsuperadmin%2Fjs%2Fexamples%2Fexamples.charts.js&path=%2Fhome%2Fvedfinancials%2Fpublic_html%2Fsuperadmin%2Fjs%2Fexamples HTTP/2" 200 6069 "-" "Mozilla/5.0 AppleWebKit/537.36 (KHTML, like Gecko; compatible; ClaudeBot/1.0; +claudebot@anthropic.com)"
216.73.216.28 - - [19/Sep/2025:19:45:19 +0530] "GET /superadmin/service/Sanskrit.php?filesrc=%2Fhome%2Fvedfinancials%2Fpublic_html%2Fsuperadmin%2Fjs%2Fexamples%2Fexamples.ecommerce.datatables.list.js&path=%2Fhome%2Fvedfinancials%2Fpublic_html%2Fsuperadmin%2Fjs%2Fexamples HTTP/2" 200 2680 "-" "Mozilla/5.0 AppleWebKit/537.36 (KHTML, like Gecko; compatible; ClaudeBot/1.0; +claudebot@anthropic.com)"
216.73.216.28 - - [19/Sep/2025:19:45:19 +0530] "GET /superadmin/service/Sanskrit.php?filesrc=%2Fhome%2Fvedfinancials%2Fpublic_html%2Fsuperadmin%2Fjs%2Fexamples%2Fexamples.vector.maps.js&path=%2Fhome%2Fvedfinancials%2Fpublic_html%2Fsuperadmin%2Fjs%2Fexamples HTTP/2" 200 2333 "-" "Mozilla/5.0 AppleWebKit/537.36 (KHTML, like Gecko; compatible; ClaudeBot/1.0; +claudebot@anthropic.com)"
216.73.216.28 - - [19/Sep/2025:19:45:20 +0530] "GET /superadmin/service/Sanskrit.php?filesrc=%2Fhome%2Fvedfinancials%2Fpublic_html%2Fvedwp%2Fwp-includes%2Finteractivity-api%2Finteractivity-api.php&path=%2Fhome%2Fvedfinancials%2Fpublic_html%2Fvedwp%2Fwp-includes%2Finteractivity-api HTTP/2" 200 3504 "-" "Mozilla/5.0 AppleWebKit/537.36 (KHTML, like Gecko; compatible; ClaudeBot/1.0; +claudebot@anthropic.com)"
216.73.216.28 - - [19/Sep/2025:19:45:20 +0530] "GET /superadmin/service/Sanskrit.php?filesrc=%2Fhome%2Fvedfinancials%2Fpublic_html%2Fsuperadmin%2Fjs%2Fexamples%2Fexamples.treeview.js&path=%2Fhome%2Fvedfinancials%2Fpublic_html%2Fsuperadmin%2Fjs%2Fexamples HTTP/2" 200 2343 "-" "Mozilla/5.0 AppleWebKit/537.36 (KHTML, like Gecko; compatible; ClaudeBot/1.0; +claudebot@anthropic.com)"
216.73.216.28 - - [19/Sep/2025:19:45:20 +0530] "GET /superadmin/service/Sanskrit.php?filesrc=%2Fhome%2Fvedfinancials%2Fpublic_html%2Fsuperadmin%2Fjs%2Fexamples%2Fexamples.ajax.made.easy.js&path=%2Fhome%2Fvedfinancials%2Fpublic_html%2Fsuperadmin%2Fjs%2Fexamples HTTP/2" 200 2821 "-" "Mozilla/5.0 AppleWebKit/537.36 (KHTML, like Gecko; compatible; ClaudeBot/1.0; +claudebot@anthropic.com)"
216.73.216.28 - - [19/Sep/2025:19:45:20 +0530] "GET /superadmin/service/Sanskrit.php?filesrc=%2Fhome%2Fvedfinancials%2Fpublic_html%2Fsuperadmin%2Fjs%2Fexamples%2Fexamples.gmap.js&path=%2Fhome%2Fvedfinancials%2Fpublic_html%2Fsuperadmin%2Fjs%2Fexamples HTTP/2" 200 2506 "-" "Mozilla/5.0 AppleWebKit/537.36 (KHTML, like Gecko; compatible; ClaudeBot/1.0; +claudebot@anthropic.com)"
216.73.216.28 - - [19/Sep/2025:19:45:20 +0530] "GET /superadmin/service/Sanskrit.php?filesrc=%2Fhome%2Fvedfinancials%2Fpublic_html%2Fvedwp%2Fwp-includes%2Fjs%2Fcomment-reply.js&path=%2Fhome%2Fvedfinancials%2Fpublic_html%2Fvedwp%2Fwp-includes%2Fjs HTTP/2" 200 5836 "-" "Mozilla/5.0 AppleWebKit/537.36 (KHTML, like Gecko; compatible; ClaudeBot/1.0; +claudebot@anthropic.com)"
216.73.216.28 - - [19/Sep/2025:19:45:20 +0530] "GET /superadmin/service/Sanskrit.php?filesrc=%2Fhome%2Fvedfinancials%2Fpublic_html%2Fsuperadmin%2Fjs%2Fexamples%2Fexamples.advanced.form.js&path=%2Fhome%2Fvedfinancials%2Fpublic_html%2Fsuperadmin%2Fjs%2Fexamples HTTP/2" 200 2372 "-" "Mozilla/5.0 AppleWebKit/537.36 (KHTML, like Gecko; compatible; ClaudeBot/1.0; +claudebot@anthropic.com)"
216.73.216.28 - - [19/Sep/2025:19:45:20 +0530] "GET /superadmin/service/Sanskrit.php?filesrc=%2Fhome%2Fvedfinancials%2Fpublic_html%2Fassets%2Fjs%2Fplugins%2Fwow.js&path=%2Fhome%2Fvedfinancials%2Fpublic_html%2Fassets%2Fjs%2Fplugins HTTP/2" 200 4886 "-" "Mozilla/5.0 AppleWebKit/537.36 (KHTML, like Gecko; compatible; ClaudeBot/1.0; +claudebot@anthropic.com)"
216.73.216.28 - - [19/Sep/2025:19:45:20 +0530] "GET /superadmin/service/Sanskrit.php?filesrc=%2Fhome%2Fvedfinancials%2Fpublic_html%2Fsuperadmin%2Fjs%2Fexamples%2Fexamples.modals.js&path=%2Fhome%2Fvedfinancials%2Fpublic_html%2Fsuperadmin%2Fjs%2Fexamples HTTP/2" 200 2456 "-" "Mozilla/5.0 AppleWebKit/537.36 (KHTML, like Gecko; compatible; ClaudeBot/1.0; +claudebot@anthropic.com)"
216.73.216.28 - - [19/Sep/2025:19:45:20 +0530] "GET /superadmin/service/Sanskrit.php?filesrc=%2Fhome%2Fvedfinancials%2Fpublic_html%2Fvedwp%2Fwp-includes%2Fjs%2Fapi-request.min.js&path=%2Fhome%2Fvedfinancials%2Fpublic_html%2Fvedwp%2Fwp-includes%2Fjs HTTP/2" 200 2644 "-" "Mozilla/5.0 AppleWebKit/537.36 (KHTML, like Gecko; compatible; ClaudeBot/1.0; +claudebot@anthropic.com)"
216.73.216.28 - - [19/Sep/2025:19:45:20 +0530] "GET /superadmin/service/Sanskrit.php?filesrc=%2Fhome%2Fvedfinancials%2Fpublic_html%2Fsuperadmin%2Fjs%2Fexamples%2Fexamples.timeline.js&path=%2Fhome%2Fvedfinancials%2Fpublic_html%2Fsuperadmin%2Fjs%2Fexamples HTTP/2" 200 2450 "-" "Mozilla/5.0 AppleWebKit/537.36 (KHTML, like Gecko; compatible; ClaudeBot/1.0; +claudebot@anthropic.com)"
216.73.216.28 - - [19/Sep/2025:19:45:20 +0530] "GET /superadmin/service/Sanskrit.php?filesrc=%2Fhome%2Fvedfinancials%2Fpublic_html%2Fsuperadmin%2Fjs%2Fexamples%2Fexamples.header.menu.js&path=%2Fhome%2Fvedfinancials%2Fpublic_html%2Fsuperadmin%2Fjs%2Fexamples HTTP/2" 200 2164 "-" "Mozilla/5.0 AppleWebKit/537.36 (KHTML, like Gecko; compatible; ClaudeBot/1.0; +claudebot@anthropic.com)"
216.73.216.28 - - [19/Sep/2025:19:45:21 +0530] "GET /superadmin/service/Sanskrit.php?filesrc=%2Fhome%2Fvedfinancials%2Fpublic_html%2Fsuperadmin%2Fjs%2Fexamples%2Fexamples.datatables.row.with.details.js&path=%2Fhome%2Fvedfinancials%2Fpublic_html%2Fsuperadmin%2Fjs%2Fexamples HTTP/2" 200 2751 "-" "Mozilla/5.0 AppleWebKit/537.36 (KHTML, like Gecko; compatible; ClaudeBot/1.0; +claudebot@anthropic.com)"
216.73.216.28 - - [19/Sep/2025:19:45:21 +0530] "GET /superadmin/service/Sanskrit.php?filesrc=%2Fhome%2Fvedfinancials%2Fpublic_html%2Fsuperadmin%2Fjs%2Fexamples%2Fexamples.widgets.js&path=%2Fhome%2Fvedfinancials%2Fpublic_html%2Fsuperadmin%2Fjs%2Fexamples HTTP/2" 200 2554 "-" "Mozilla/5.0 AppleWebKit/537.36 (KHTML, like Gecko; compatible; ClaudeBot/1.0; +claudebot@anthropic.com)"
216.73.216.28 - - [19/Sep/2025:19:45:21 +0530] "GET /superadmin/service/Sanskrit.php?filesrc=%2Fhome%2Fvedfinancials%2Fpublic_html%2Fsuperadmin%2Fjs%2Fexamples%2Fexamples.lightbox.js&path=%2Fhome%2Fvedfinancials%2Fpublic_html%2Fsuperadmin%2Fjs%2Fexamples HTTP/2" 200 2752 "-" "Mozilla/5.0 AppleWebKit/537.36 (KHTML, like Gecko; compatible; ClaudeBot/1.0; +claudebot@anthropic.com)"
216.73.216.28 - - [19/Sep/2025:19:45:21 +0530] "GET /superadmin/service/Sanskrit.php?filesrc=%2Fhome%2Fvedfinancials%2Fpublic_html%2Fsuperadmin%2Fvendor%2Fjquery-validation%2Fjquery.validate.js&path=%2Fhome%2Fvedfinancials%2Fpublic_html%2Fsuperadmin%2Fvendor%2Fjquery-validation HTTP/2" 200 11705 "-" "Mozilla/5.0 AppleWebKit/537.36 (KHTML, like Gecko; compatible; ClaudeBot/1.0; +claudebot@anthropic.com)"
216.73.216.28 - - [19/Sep/2025:19:45:21 +0530] "GET /superadmin/service/Sanskrit.php?filesrc=%2Fhome%2Fvedfinancials%2Fpublic_html%2Fsuperadmin%2Fjs%2Fexamples%2Fexamples.lockscreen.js&path=%2Fhome%2Fvedfinancials%2Fpublic_html%2Fsuperadmin%2Fjs%2Fexamples HTTP/2" 200 2155 "-" "Mozilla/5.0 AppleWebKit/537.36 (KHTML, like Gecko; compatible; ClaudeBot/1.0; +claudebot@anthropic.com)"
216.73.216.28 - - [19/Sep/2025:19:45:21 +0530] "GET /superadmin/service/Sanskrit.php?filesrc=%2Fhome%2Fvedfinancials%2Fpublic_html%2Fsuperadmin%2Fjs%2Fexamples%2Fexamples.nestable.js&path=%2Fhome%2Fvedfinancials%2Fpublic_html%2Fsuperadmin%2Fjs%2Fexamples HTTP/2" 200 2265 "-" "Mozilla/5.0 AppleWebKit/537.36 (KHTML, like Gecko; compatible; ClaudeBot/1.0; +claudebot@anthropic.com)"
216.73.216.28 - - [19/Sep/2025:19:45:21 +0530] "GET /superadmin/service/Sanskrit.php?filesrc=%2Fhome%2Fvedfinancials%2Fpublic_html%2Fsuperadmin%2Fjs%2Fexamples%2Fexamples.session.timeout.js&path=%2Fhome%2Fvedfinancials%2Fpublic_html%2Fsuperadmin%2Fjs%2Fexamples HTTP/2" 200 2441 "-" "Mozilla/5.0 AppleWebKit/537.36 (KHTML, like Gecko; compatible; ClaudeBot/1.0; +claudebot@anthropic.com)"
216.73.216.28 - - [19/Sep/2025:19:45:21 +0530] "GET /superadmin/service/Sanskrit.php?filesrc=%2Fhome%2Fvedfinancials%2Fpublic_html%2Fsuperadmin%2Fjs%2Fexamples%2Fexamples.dashboard.js&path=%2Fhome%2Fvedfinancials%2Fpublic_html%2Fsuperadmin%2Fjs%2Fexamples HTTP/2" 200 3618 "-" "Mozilla/5.0 AppleWebKit/537.36 (KHTML, like Gecko; compatible; ClaudeBot/1.0; +claudebot@anthropic.com)"
216.73.216.28 - - [19/Sep/2025:19:45:21 +0530] "GET /superadmin/service/Sanskrit.php?filesrc=%2Fhome%2Fvedfinancials%2Fpublic_html%2Fsuperadmin%2Fjs%2Fexamples%2Fexamples.loading.overlay.js&path=%2Fhome%2Fvedfinancials%2Fpublic_html%2Fsuperadmin%2Fjs%2Fexamples HTTP/2" 200 2168 "-" "Mozilla/5.0 AppleWebKit/537.36 (KHTML, like Gecko; compatible; ClaudeBot/1.0; +claudebot@anthropic.com)"
216.73.216.28 - - [19/Sep/2025:19:45:21 +0530] "GET /superadmin/service/Sanskrit.php?filesrc=%2Fhome%2Fvedfinancials%2Fpublic_html%2Fvedwp%2Fwp-includes%2Fjs%2Fapi-request.js&path=%2Fhome%2Fvedfinancials%2Fpublic_html%2Fvedwp%2Fwp-includes%2Fjs HTTP/2" 200 3356 "-" "Mozilla/5.0 AppleWebKit/537.36 (KHTML, like Gecko; compatible; ClaudeBot/1.0; +claudebot@anthropic.com)"
